ppose 2*y = 3*a + 2, -3*a + y - 3 = -2*y. Suppose 2*l - 5*c - 495 = 0, -1252 = -5*l - a*l - 2*c. What are the prime factors of l?
2, 5
Let c = -18 + 20. Suppose 0 = 2*y - 6 - c, -b - y + 4 = 0. Suppose 2*u = -3*w + 58, b = -w - 2*u - 0*u + 14. What are the prime factors of w?
2, 11
Let b be (22/(-4))/((-8)/(-608)). Let q = b + 196. List the prime factors of q/(-9) + 1/3.
5
Suppose 11*u + 3440 = 16*u. List the prime factors of u.
2, 43
Let k = -1140 - -1282. What are the prime factors of k?
2, 71
Suppose -c + 7*c - 3834 = 0. List the prime factors of c.
3, 71
Suppose -42*v + 80240 = -45046. What are the prime factors of v?
19, 157
Let s be -2 + 61 + (-4)/4. List the prime factors of s*(3/(-6) - -1).
29
Let k(a) = a**2 - 27*a - 30. Let c be k(28). List the prime factors of ((-6)/c)/((-4)/(-84 + 4)).
2, 3, 5
Suppose -3*p = -6*p, q + 4 = p. Let v(z) = z**3 + 7*z**2 + 8*z + 8. List the prime factors of v(q).
2, 3
Suppose -5*l - 9 = -3*p + 4, 2*p = -2*l - 18. What are the prime factors of (-3)/(-1*p/(-24))?
2, 3
Let n(w) = -w**3 - 27*w**2 + 36*w - 161. What are the prime factors of n(-32)?
3, 47
Let h be 1/(-2)*(-25 + 7). Suppose h*w - 276 = 5*w. List the prime factors of w.
3, 23
Suppose -19*k + 6541 = -6151. List the prime factors of k.
2, 167
Let j(a) = -a**3 + a**2 + 9*a + 7. What are the prime factors of j(-8)?
7, 73
Let g be (-1 - 3/(-2))*-34. What are the prime factors of -1 + 5 - (g - -2)?
19
Let j(g) = -1 - 17 - 57*g + 12 - 16. List the prime factors of j(-6).
2, 5
What are the prime factors of (934/(-4))/((-12)/(-24) + -1)?
467
Let d = -15 - -17. What are the prime factors of (-364)/21*(-15)/d?
2, 5, 13
Suppose 0 = 3*b + 151 - 859. Let o = b - 100. What are the prime factors of o?
2, 17
Let f(a) = 2*a - 41. Let c be f(25). Let n(u) = -u**3 + u. Let x(l) = l**3 + 11*l**2 - 14*l - 4. Let i(m) = 2*n(m) + x(m). List the prime factors of i(c).
2, 5
Let g(z) = 37 - z**2 - 29*z + 30*z + 0*z**2. Let m be g(0). Suppose -m = -t - 10. List the prime factors of t.
3
Let n = -29 + 31. Suppose n*f = -i + 111, -6*i = -2*i - 2*f - 394. What are the prime factors of i?
101
Let j = 25 + -16. Let s = 11 - j. Suppose -5*x = 2*r + s*r - 73, 5*x = 4*r - 23. List the prime factors of r.
2, 3
Let l(q) = 2*q**2 - 4*q + 3. Let n = 15 + -13. Let m be l(n). List the prime factors of m*(-2 - 56/(-6)).
2, 11
List the prime factors of 832 + 3 + 2 + -1.
2, 11, 19
Let u = -93 + 109. Suppose 0 = -5*j - u + 416. What are the prime factors of j?
2, 5
Let s(h) = 19 - 13*h + 2*h**2 - 2 - 3*h**2. List the prime factors of s(-7).
59
Let o(j) = -677*j + 110. List the prime factors of o(-3).
2141
Let g(d) = -d**3 - 6*d - 1. Let v(z) = z**2 - 8*z + 3. Let q be v(7). What are the prime factors of g(q)?
3, 29
Let o = 10 - 26. Suppose -6*r - 16 = -196. Let z = r - o. List the prime factors of z.
2, 23
Suppose 3 = 12*v + 243. Let j(x) = -x**3 - 21*x**2 - 21*x - 7. List the prime factors of j(v).
13
Suppose 2*i = 5573 + 1547. What are the prime factors of i?
2, 5, 89
Let l(f) = 242*f**2 - 71*f + 203. List the prime factors of l(3).
2, 271
Let q = 58 + -21. Let x = q - -58. List the prime factors of x.
5, 19
Let c(a) = a**3 + 4*a**2 + 6*a - 4. Let y be c(-7). Let g = -72 - y. What are the prime factors of g?
11
Let o be 1/(-1*2/(-26)). Suppose 0*x - o = -x. Let j = x - 6. What are the prime factors of j?
7
Let f(l) = -l**3 - 6*l**2 + 20*l + 11. Let k be f(-9). Suppose -k*w + 350 = -69*w. What are the prime factors of w?
2, 5, 7
Suppose -6130 = -5*j + 2*b, -5*b = 14*j - 9*j - 6130. What are the prime factors of j?
2, 613
Let i(s) = -s + 14. Let j be i(8). Let k(d) = 8*d**2 + 3*d - 3. Let y(o) = 40*o**2 + 14*o - 14. Let p(l) = j*y(l) - 28*k(l). List the prime factors of p(-1).
2
Let o be (-55)/(-3) + 3/(-9). Suppose m + h = 9, 4*m - 2*h - 36 = o. Let y = -2 + m. List the prime factors of y.
2, 5
What are the prime factors of (-30)/((-3)/11*1/9)?
2, 3, 5, 11
Let c(r) = 8*r - 6. Let p(j) = 17*j - 13. Let v(b) = 5*c(b) - 2*p(b). List the prime factors of v(7).
2, 19
Let i = -2 - -7. Suppose -4*g + 26 = -o - 27, -i*o = -5*g + 85. List the prime factors of (-4 + 3)/((-2)/g).
2, 3
List the prime factors of (-1283)/((-25)/5 + 4).
1283
Let d(w) = -w**2 - 5*w + 2. Let b be d(-5). Let y be b/((14/40)/7). Let h = y - 16. What are the prime factors of h?
2, 3
Let t(h) = -3*h**3 - h. Let k be t(-1). Suppose -3*x + 66 = m - 240, k*m = 3*x - 321. What are the prime factors of x?
103
Let w(s) = s**2 + 5*s - 2. Suppose -y + h = -4*y - 15, -9 = -3*h. What are the prime factors of w(y)?
2
Suppose -2*t = -2*c + 956, -5*t + 209 = c - 281. List the prime factors of c.
2, 3, 5
Suppose 33*t = 34*t - 4*p - 3049, 3*t + 4*p - 9147 = 0. List the prime factors of t.
3049
Suppose -3*j = -1733 - 1390. List the prime factors of j.
3, 347
Suppose 26*a = 34*a - 7560. List the prime factors of a.
3, 5, 7
Let j(i) = -654*i**3 + 11*i**2 - 3*i - 12. What are the prime factors of j(-2)?
2, 5, 17, 31
Let z(g) = 2*g**3 - 69*g**2 - 126*g - 3. List the prime factors of z(37).
2, 5, 109
Let u(l) be the first derivative of 3 + 2/3*l**3 - 2*l + l**2. What are the prime factors of u(2)?
2, 5
Let c = -21 - -28. Suppose c*h = 3*h. Suppose -4*n + 9*n - 110 = h. What are the prime factors of n?
2, 11
Suppose 0*g = 3*g - 6. Suppose g*m = -4*m + 24. Suppose 4*h = -3*z + 130, 133 + 57 = m*z + 2*h. What are the prime factors of z?
2, 5
Suppose 0 = 6*a - 2*a - 16. Suppose -5 + a = -d. What are the prime factors of 22*d + 2/(-1)?
2, 5
Suppose -2*c = -0*c - 34. Let g(d) = -3 + 1 - c*d + 20*d + 0. What are the prime factors of g(2)?
2
Suppose -5*q + 2561 = 3*n, 2*n - n - 831 = 4*q. Suppose -8*h + n = -665. List the prime factors of h.
3, 7
Suppose 0 = 2*f + 4*u - 3129 - 245, 5061 = 3*f - 2*u. List the prime factors of f.
7, 241
What are the prime factors of 0 + 1 + 826 + -38?
3, 263
Let k be (-1 + 3)*116/8. Suppose -r = -39 - k. What are the prime factors of r?
2, 17
List the prime factors of (-2)/6*-8*(-12330)/(-120).
2, 137
Let k(t) = 3*t**2 + 4*t - 1. Let c be k(-6). Let w be (-7)/(-28) - c/(-4). Let u = w + -16. What are the prime factors of u?
5
Suppose -5*y - 5*r + 22 = -3*r, 0 = 5*y + 4*r - 24. Suppose 0 = 3*n + y - 10. Suppose 0 = -n*f + 4*i + 8, 3*i = f + f - 7. What are the prime factors of f?
2
Let p be 6/33 - (-60)/33. Suppose -5*b - p*s + s + 6 = 0, -3*b + 2 = s. List the prime factors of b.
2
Let p(q) = 146*q - 252. List the prime factors of p(15).
2, 3, 17, 19
Suppose -108 = 4*d + 72. List the prime factors of 3676/18 + ((-10)/d)/(-1).
2, 3, 17
Suppose 2*x - 11 = -5*a - 0*x, -11 = -a + 4*x. Suppose 3*z = -3*q + 960, 2 - 14 = -a*z. What are the prime factors of q?
2, 79
Let r(x) = 10*x**2 + 10*x + 18. List the prime factors of r(-5).
2, 109
Let o = -101 - -101. Suppose o*v - 5*v - 627 = -3*c, v - 209 = -c. What are the prime factors of c?
11, 19
Suppose -1182 - 432 = -3*o. What are the prime factors of o?
2, 269
Suppose -14 = 2*c - 38. Let x(d) = 2*d + 8. Let t be x(c). Suppose -t = -4*k + 3*j + 77, -4*k = 4*j - 116. What are the prime factors of k?
2, 7
Let l(w) = -w. Let m(u) = u**2 - 10*u - 4. Let f(t) = l(t) - m(t). Let r be f(9). Let v(d) = d**2 + d - 4. What are the prime factors of v(r)?
2
Let a(y) = 2*y + 10. Let q be a(-6). List the prime factors of 8*(-5)/(-10) - q.
2, 3
Let f(p) = -13*p + 52 - 6*p**2 + 7*p**2 - 8. What are the prime factors of f(10)?
2, 7
Let x = 100 - 16. Let i = -48 + x. List the prime factors of i.
2, 3
Let w = -41 - -99. Let n be (174/(-9))/((-2)/3). Let a = w - n. What are the prime factors of a?
29
Let b be 2 - ((-4 - -7) + -3). Suppose 5*g + 159 = b*z, -5*z = -2*z - 2*g - 233. Let a = -28 + z. What are the prime factors of a?
7
Let r(v) = -v**3 + 7*v**2 + 5*v - 6. Let g(u) = -9*u - 2. Let y be g(-1). Let p be r(y). Let t = p - 10. What are the prime factors of t?
19
Let j be 51 - (-3)/(-1)*-1. Let r = j - 26. Let k = 68 - r. List the prime factors of k.
2, 5
Let c = -120 - -64. Let o = c - -291. List the prime factors of o.
5, 47
What are the prime factors of 16515/36 + (-3)/4?
2, 229
Suppose -a - 4*a = -5. List the prime factors of (33/(-6))/(a/(-2)).
11
Suppose -2*n - 11 = -j, -4*j = 5*n + 5 + 3. List the prime factors of 84 + (-1)/(-1) + j.
2, 11
Let k be (135/(-60))/(1/8*-1). Suppose 10*x -